Is 16 a factor of 812688?
True
Is 28054820 a multiple of 530?
False
Is 5996205233 a multiple of 106?
False
Does 1797 divide 78142545?
True
Is 561 a factor of 84833859?
True
Is 9 a factor of 1813831560?
True
Does 16 divide 4840752?
True
Is 2742246 a multiple of 5?
False
Is 19 a factor of 1438341498?
False
Is 62193932 a multiple of 64?
False
Is 145470799 a multiple of 954?
False
Is 643 a factor of 1149190275?
False
Is 131121620 a multiple of 441?
False
Is 184740126 a multiple of 1038?
True
Is 15689325 a multiple of 5?
True
Is 221 a factor of 6198608?
True
Does 493 divide 226287000?
True
Is 349 a factor of 402046717?
False
Does 10 divide 98949666?
False
Is 211221124 a multiple of 2830?
False
Is 48932929 a multiple of 537?
False
Is 1298904235 a multiple of 688?
False
Is 5986 a factor of 1459185212?
False
Is 30 a factor of 165009349?
False
Does 1232 divide 1844304?
True
Is 200 a factor of 174909400?
True
Is 373058 a multiple of 23?
False
Is 442674 a multiple of 42?
False
Does 50 divide 180853148?
False
Does 2266 divide 113059722?
False
Does 146 divide 22274490?
True
Is 30093783 a multiple of 288?
False
Is 47870256 a multiple of 588?
True
Is 2287 a factor of 701153034?
True
Is 1380374653 a multiple of 391?
False
Is 408 a factor of 35373898?
False
Is 2698666840 a multiple of 9236?
True
Is 502 a factor of 40469734?
True
Does 3110 divide 2303758166?
False
Is 511727445 a multiple of 45?
True
Does 13 divide 2997664625?
False
Is 1541056 a multiple of 121?
True
Does 32 divide 634496970?
False
Is 1885943214 a multiple of 29?
False
Does 180 divide 238973220?
True
Is 11924020 a multiple of 4?
True
Is 6 a factor of 7894072?
False
Does 18 divide 3809593043?
False
Is 4986549 a multiple of 51?
False
Is 48530855 a multiple of 17?
False
Is 2036797475 a multiple of 151?
True
Does 43 divide 1499505985?
False
Is 23 a factor of 47793977?
True
Is 16553460 a multiple of 12?
True
Is 17 a factor of 1244358792?
True
Is 38894331 a multiple of 37?
False
Is 38 a factor of 15519258?
False
Is 21 a factor of 86356977?
True
Is 639322925 a multiple of 6?
False
Is 144757125 a multiple of 85?
True
Does 332 divide 65441184?
True
Is 9 a factor of 77487031?
False
Is 49093553 a multiple of 800?
False
Does 103 divide 226636517?
False
Is 2413723488 a multiple of 5456?
True
Is 5 a factor of 9901697?
False
Does 4381 divide 780899060?
False
Is 107051664 a multiple of 16?
True
Is 74774104 a multiple of 92?
True
Does 3 divide 244805822?
False
Is 597657313 a multiple of 11?
True
Is 1744496166 a multiple of 318?
True
Is 75291972 a multiple of 322?
True
Is 75 a factor of 44225325?
True
Does 307 divide 58105760?
False
Is 5 a factor of 46265385?
True
Is 126 a factor of 26766926?
False
Does 176 divide 329002556?
False
Does 86 divide 16758820?
True
Is 3 a factor of 1681263?
True
Is 122 a factor of 1571127038?
False
Is 84 a factor of 802007498?
False
Does 17 divide 91532136?
False
Is 43 a factor of 594949063?
False
Does 638 divide 34545148?
True
Does 2197 divide 366582632?
True
Does 59 divide 126550929?
True
Does 37 divide 377486506?
True
Is 3798868203 a multiple of 29?
False
Is 98 a factor of 32247194?
True
Is 4058598653 a multiple of 524?
False
Is 16 a factor of 41745952?
True
Does 150 divide 45916202?
False
Is 2 a factor of 34454771?
False
Is 4254891900 a multiple of 161?
True
Is 1551900654 a multiple of 2403?
True
Does 5064 divide 175584072?
True
Is 12 a factor of 10420460?
False
Is 155584852 a multiple of 433?
False
Is 59875613 even?
False
Is 461 a factor of 113285876?
False
Is 101 a factor of 142517816?
False
Is 1757 a factor of 16716541?
False
Does 535 divide 38407301?
False
Is 23 a factor of 8262355?
False
Is 434 a factor of 34404242?
False
Does 157 divide 113905?
False
Does 10 divide 1003007030?
True
Does 148 divide 25555456?
True
Is 336 a factor of 42496944?
True
Is 1252915846 a multiple of 161?
True
Does 3 divide 5016686?
False
Does 104 divide 101729160?
True
Does 1881 divide 147410208?
True
Is 65 a factor of 622148767?
False
Is 6 a factor of 1021656?
True
Is 1744 a factor of 563092256?
True
Is 99 a factor of 150551676?
True
Is 422 a factor of 15510816?
False
Is 309161544 a multiple of 653?
True
Is 585916006 a multiple of 13?
True
Is 30965888 a multiple of 64?
True
Is 371 a factor of 95725701?
False
Is 363809702 a multiple of 3619?
False
Does 23 divide 486142066?
False
Is 15456139 a multiple of 15?
False
Is 5950621 a multiple of 522?
False
Is 13 a factor of 293971148?
False
Is 2812634143 a multiple of 11?
True
Is 35 a factor of 184125200?
True
Is 254 a factor of 246839925?
False
Is 733 a factor of 2957215822?
False
Does 1720 divide 382850531?
False
Is 21984226 a multiple of 22?
True
Is 151 a factor of 12531588?
False
Is 1992698 a multiple of 5?
False
Is 860029086 a multiple of 593?
True
Is 27670597 a multiple of 46?
False
Is 773785600 a multiple of 2380?
True
Does 512 divide 12339451?
False
Is 15 a factor of 109212245?
False
Does 53 divide 35917252?
True
Does 1191 divide 22189521?
True
Is 3487668264 a multiple of 1717?
False
Is 68142912 a multiple of 16?
True
Does 1336 divide 300913960?
True
Is 1207 a factor of 76325852?
True
Is 621154080 a multiple of 4560?
True
Is 8628 a factor of 1556603364?
True
Is 36 a factor of 73126224?
True
Does 48 divide 98014714?
False
Does 1574 divide 1451331884?
True
Is 3449 a factor of 972305350?
False
Is 17029653 a multiple of 4?
False
Is 469 a factor of 102790261?
True
Does 1932 divide 11634705?
False
Does 344 divide 78050504?
True
Does 7 divide 5008479?
True
Is 128733241 a multiple of 37?
False
Does 34 divide 1696668?
True
Does 603 divide 749864871?
True
Does 71 divide 83301232?
False
Is 50 a factor of 304211100?
True
Is 1023142784 a multiple of 5392?
True
Is 4358191 a multiple of 581?
False
Does 208 divide 87169264?
True
Does 2135 divide 1342165078?
False
Is 19 a factor of 46575327?
True
Does 992 divide 1525607490?
False
Is 2013051715 a multiple of 97?
False
Is 67 a factor of 5134863750?
False
Is 3322 a factor of 51188764?
False
Is 54204744 a multiple of 264?
True
Is 111 a factor of 238936491?
True
Is 81524799 a multiple of 336?
False
Is 1139 a factor of 23555659?
True
Is 202 a factor of 2434532555?
False
Is 67608925 a multiple of 32?
False
Is 981762080 a multiple of 160?
True
Is 6 a factor of 3412278?
True
Does 1434 divide 689721018?
True
Is 49 a factor of 653667492?
False
Is 4605 a factor of 591240555?
True
Is 350568680 a multiple of 2365?
True
Is 3981261075 a multiple of 75?
True
Is 2 a factor of 21070396?
True
Does 320 divide 228628160?
True
Is 30 a factor of 989280?
True
Is 12290646 a multiple of 7?
False
Does 158 divide 1316138578?
True
Is 2136 a factor of 417504696?
True
Is 266929220 a multiple of 124?
True
Is 662073305 a multiple of 36?
False
Does 548 divide 114869020?
True
Is 204215424 a multiple of 4182?
True
Does 12 divide 6926628?
True
Does 115 divide 693114430?
True
Is 285679892 a multiple of 3249?
False
Is 67266396 a multiple of 291?
True
Does 13 divide 97888862?
False
Is 1091 a factor of 21735993?
True
Is 12 a factor of 38050348?
False
Is 806588757 a multiple of 13?
True
Is 5184925 a multiple of 6?
False
Is 674329968 a multiple of 1503?
True
Is 750 a factor of 3630000?
True
Does 6 divide 72785075?
False
Is 440 a factor of 423804040?
True
Does 3 divide 10384471?
False
Is 437729760 a multiple of 5584?
True
Does 1801 divide 1352678871?
True
Is 113 a factor of 17466427?
False
Does 7 divide 31850383?
False
Is 1823 a factor of 18617568?
False
Is 56230728 a multiple of 778?
True
Is 84055634 a multiple of 101?
True
Is 333350592 a multiple of 464?
True
Is 6870954 a multiple of 3?
True
Is 108603967 a multiple of 727?
False
Does 957 divide 643477230?
True
Is 459 a factor of 4809402?
True
Is 1759921013 a multiple of 3797?
False
Is 1281 a factor of 219015132?
True
Is 2663704450 a multiple of 10?
True
Is 178 a factor of 12943468?
False
Does 90 divide 147519144?
False
Does 139 divide 191299765?
False
Is 267920555 a multiple of 3?
False
Is 316 a factor of 121929232?
True
Is 63 a factor of 20414709?
True
Does 3 divide 88671415?
False
Is 66 a factor of 6319698?
True
Is 40291747 a multiple of 80?
False
Does 3707 divide 151694147?
True
Does 925 divide 19474950?
True
Is 70 a factor of 82197838?
False
Is 14 a factor of 138867866?
False
Is 3144778718 a multiple